v). Suppose 0 = -m*i + 6 + 10. What are the prime factors of i?
2
Let y be (-2 - -1)/(-5*5/(-200)). List the prime factors of y/52 - (-106560)/78.
2, 683
Suppose -18*v + 122451 = -300430 - 387785. List the prime factors of v.
29, 1553
Suppose -55*z = -33*z - 177122. What are the prime factors of z?
83, 97
Suppose -211*t - 1067501 = -4948258 - 424909. List the prime factors of t.
2, 3, 19, 179
Let v(f) = -f**2 - 24*f - 113. Let h be v(-7). Suppose h*b = 3371 + 151. List the prime factors of b.
587
Let g = 48 + -50. Let r(d) = 25*d**2 + 5*d + 4. Let u be r(g). Suppose -8*f - u = -10*f. What are the prime factors of f?
47
Suppose 0 = -132*p + 127*p - 50. What are the prime factors of (-8)/p*(20 - -210)?
2, 23
Suppose -18*z - 646 = 16*z. Let p(a) = -29*a - 26. What are the prime factors of p(z)?
3, 5, 7
Suppose -3 = -d, 0 = 8*k - 4*k + 4*d - 28136. What are the prime factors of k?
79, 89
Let h(s) = 5*s**2 - 40*s + 5. Let o be h(8). Suppose 3*q - 517 = o*a - 169, a - 108 = -q. What are the prime factors of q?
3, 37
List the prime factors of (5 + 188575)/(-6)*3*4/(-12).
2, 5, 7, 449
Let j = 75 - 68. Suppose -329 + 1750 = -j*h. Let b = 423 + h. List the prime factors of b.
2, 5, 11
Suppose -2*j - y + 1815 = 0, -3*y - 1811 = -5*j + 3*j. What are the prime factors of j?
907
Suppose -2*b + 66454 = 4*m, 3*m + 18401 - 68254 = b. List the prime factors of m.
2, 31, 67
Let q be (-2)/(1 + 54/(-42)). Let o be ((-6)/(-12))/(((-21)/(-24))/q). Suppose o*i + 0*i = 336. What are the prime factors of i?
2, 3, 7
Suppose 2*g = 5*s - 8*s + 2, 5*g + 12 = s. Suppose -4*b - 8 = 0, -5*n + b + 616 = -s*b. List the prime factors of n.
2, 61
Let v(b) = 6*b**2 + 20*b - 558. What are the prime factors of v(-30)?
2, 3, 7, 101
Suppose 0 = 4*d + 5*q - 1 + 3, d - 2*q - 6 = 0. Suppose d*r = -2*r + 4. List the prime factors of 37 - (2 - 0)*r.
5, 7
Suppose 0 = c - 1, -5*h + 8 = 4*c - 11. Suppose -z = -5*i + 351, -h*i + z = -z - 205. Let o = 120 - i. What are the prime factors of o?
7
Let z(y) = 15*y**2 - 33*y - 166. Let s(l) = l**3 - 7*l**2 + 11*l - 10. Let g be s(5). What are the prime factors of z(g)?
2, 11, 17
Let w be 3/(1/(-3) + 8/(-48)). Let b be (-8)/6 + 2 + (-20)/w. Suppose 0 = 2*v - b*r - 86, 5*v + 3*r = 223 - 8. What are the prime factors of v?
43
Let k(c) = 5*c**3 + 9*c**2 - 8*c + 18. Let n be k(7). Suppose -5*v + 5719 = 2*z, 2*v - z - 175 - n = 0. What are the prime factors of v?
5, 229
Suppose 21*g = -961 + 75238. List the prime factors of g.
3, 131
Let t(z) = z**2 + 24*z + 25. Let d(o) = -19*o + 54. Let y be d(2). What are the prime factors of t(y)?
5, 7, 19
Suppose 1151*l = 1158*l - 6608. Suppose -13*k + 18650 = l. What are the prime factors of k?
2, 3, 227
Suppose -2*g = 4*p - 430, 4*p - 9*p - 5*g + 545 = 0. Suppose k + p = q, -3*k + 230 = 3*q - 118. List the prime factors of q.
3, 37
Suppose -81*w = -677644 - 1085850 - 1106741. List the prime factors of w.
5, 19, 373
Let c = 281 - 281. Let f be 12/5 - (-2)/(-5). Suppose f*o - 7 - 127 = c. What are the prime factors of o?
67
Suppose 8*p - 437165 = -147994 + 402157. List the prime factors of p.
2, 11, 491
Let k(l) be the first derivative of l**4/4 + 3*l**3 + 7*l**2 - 7*l - 54. List the prime factors of k(-4).
17
Suppose -5*i + 2*i + 459 = 0. Let f = -95 + i. Let q = -13 + f. What are the prime factors of q?
3, 5
Suppose 46*v = -6066 - 14174. Let a = v - -1569. List the prime factors of a.
1129
Let d = -12 + -4. Let r(u) = -u**3 - 16*u**2 - 26*u - 18. What are the prime factors of r(d)?
2, 199
Let x(s) = -3465*s - 40. Let w(h) = 1732*h + 17. Let r(k) = 7*w(k) + 3*x(k). What are the prime factors of r(1)?
2, 3
Let g(n) = -n**3 + 6*n**2 + 7*n + 4. Let f be g(7). Suppose 7*l - f*l = 3087. List the prime factors of l.
3, 7
Let c = 475 + 3306. What are the prime factors of c?
19, 199
Let i(a) = 7*a. Let o be 0 - -1 - -53*(-4 - -5). Let x = 55 - o. What are the prime factors of i(x)?
7
Let y = 334 + -331. Suppose 1103 = 3*n - 5*j, -6*n + 1833 = -n - y*j. What are the prime factors of n?
2, 3, 61
Let s = -128 - -132. List the prime factors of 45628/154 + s/(-14).
2, 37
Suppose 305 - 355 = -5*r. Suppose p = -6*y + 9*y + 905, r = -2*y. List the prime factors of p.
2, 5, 89
Suppose -4*f - 6 = -10*f. Let n be 22/f*(3 - 2). Suppose 12 = 4*l, -5*l + n = a - 22. List the prime factors of a.
29
Suppose 3*g = 7*g + 144. Let p be (-6)/(-8) + g/48. Suppose -4*v + 7*v - 120 = p. What are the prime factors of v?
2, 5
Suppose 0 = 5*c - 27*o + 24*o - 56927, 22770 = 2*c - o. List the prime factors of c.
11383
Let b be (-11266)/(-14) + 40/(-56). List the prime factors of -1*10/5 + b/4.
199
Let l(o) = o**2 - 9*o - 5. Let i be l(9). Let v(w) = -3*w**3 + 3*w**2 + 13*w + 4. List the prime factors of v(i).
389
What are the prime factors of 756/12*945 - (-5 + -7)?
3, 23, 863
Let m(q) be the third derivative of 1/12*q**4 - 8*q**2 + 29/6*q**3 + 0*q + 0. List the prime factors of m(0).
29
Let j be (20/(-6))/(3 + 29/(-9)). What are the prime factors of ((-1494)/j)/((-10)/25)?
3, 83
Suppose 4*n + 660 = 4*q, -4*q + n + 2*n + 661 = 0. Let b be 0 + q/1 + -12 + 16. Let k = -42 + b. List the prime factors of k.
2
Let g(t) = -143*t + 88. Let x be g(-10). Suppose 38*i = 36*i + x. What are the prime factors of i?
3, 11, 23
Let o = 48 - 43. Suppose o*g + 66 - 369 = -2*q, 4*q = g + 573. List the prime factors of q.
2, 3
Let v = -319 - -311. Let q(x) = -3*x**3 - 21*x**2 - 9*x - 2. What are the prime factors of q(v)?
2, 131
Suppose m = -2*j + 6*m + 30, -2*j = 4*m + 6. Suppose j*f = 4*f - 2*n - 4, -3 = 3*n. Let p = 109 + f. List the prime factors of p.
107
List the prime factors of (11 + 634104/54)*3.
37, 953
Let v = -122 - -124. Suppose -16*y - v*y + 7290 = 0. List the prime factors of y.
3, 5
Let i = -19769 + 34897. List the prime factors of i.
2, 31, 61
Let l(f) = 9*f - 27. Let z be l(9). Let p = -51 + z. Suppose -70 = 2*a - p*a. What are the prime factors of a?
2, 5, 7
Suppose -151 = -5*a - l, a - 28 = l + l. Let g = a - 56. What are the prime factors of ((-172)/(-6))/(g/(-39))?
43
Let g = -145 - 9. Let c = g + 341. List the prime factors of c.
11, 17
List the prime factors of 5/((-5)/14) - -2042.
2, 3, 13
Let q = 66 + 171. Suppose -q = -4*v + 407. What are the prime factors of v?
7, 23
Let h be (-3)/(15/10)*1. Let o be 354 + 4 + (-4)/h + -3. Let r = o + -208. What are the prime factors of r?
149
Let d = 1 - 124. Let o(m) = -2*m**3 - 35*m**2 - 30*m - 21. Let a be o(-17). Let s = a + d. What are the prime factors of s?
7, 11
Suppose -9*k + 5*k = -4*o - 24, -3*o - 3 = 2*k. List the prime factors of ((-820)/30)/(1/o).
2, 41
Let r be (-25)/(350/112) - -8. Let o(n) = n - 53. Let a(w) = -1. Let y(z) = 6*a(z) - o(z). What are the prime factors of y(r)?
47
Suppose -8*r = 1 - 25. Let a be -4 + (r - -1) - -7. Suppose -a*g + 1065 = -2*g. List the prime factors of g.
3, 71
Let w = 3219 - 175. List the prime factors of w.
2, 761
Suppose 8*a - 16*a = -10136. Suppose -a = 9*m - 61. Let f = -78 - m. What are the prime factors of f?
2, 7
Let i(s) be the third derivative of -67*s**4/24 + 27*s**3/2 + 210*s**2. List the prime factors of i(-26).
1823
Let h be 3 + 110 - 0/2. Suppose h*n - 14 = 112*n. Let c(l) = -l**3 + 13*l**2 + 20*l - 17. List the prime factors of c(n).
67
Let t be 2449 - (12/(-6) - 1). Let d = t - 1443. List the prime factors of d.
1009
List the prime factors of (4 + 358/5)/(165/35200).
2, 3, 7
Let z(d) = -10 - 3*d**3 - 122*d - 4*d**2 + 59*d + 55*d - 11. What are the prime factors of z(-6)?
3, 59
Suppose 2*i = -k + 3*k + 374, -5*k + 784 = 4*i. Let s be (-555)/9 + (-8)/(-12). Let g = i + s. List the prime factors of g.
2, 5, 13
Suppose -13*p + 75030 = -3*p. List the prime factors of p.
3, 41, 61
Suppose 0 = -5*y + 22*g - 18*g + 71095, -28435 = -2*y + g. What are the prime factors of y?
5, 2843
Let u be 4/(-2) - (57 - 2). Suppose 1133*r + 285 = 1136*r. Let y = u + r. List the prime factors of y.
2, 19
Let y(f) = -f**2 - 15*f - 22. Let z = 23 - 36. Let o be y(z). Let n = o - -63. What are the prime factors of n?
67
Let j be (-111)/(-9) - 2/(-3). Let v be (-70)/(-4)*(-1400)/(-250). Suppose 15*g - j*g - v = 0. What are the prime factors of g?
7
Let a be (189/(-54))/((-2)/4). Let t(s) = s**3 - 11*s**2 - 4*s**2 - 15*s + 0 + 24 - a*s. What are the prime factors of t(17